de 460?
True
Does 3 divide 132?
True
Does 3 divide 180?
True
Is 8 a factor of 2412?
False
Is 17 a factor of 9758?
True
Is 3434 a multiple of 24?
False
Does 3 divide 36?
True
Is 81692 a multiple of 13?
True
Is 134 a factor of 87756?
False
Is 9 a factor of 110385?
True
Does 9 divide 1621?
False
Is 9546 a multiple of 258?
True
Does 20 divide 1420?
True
Does 16 divide 2226?
False
Is 91 a factor of 871?
False
Does 107 divide 14980?
True
Does 17 divide 3570?
True
Is 24 a factor of 620?
False
Does 28 divide 448?
True
Is 912 a multiple of 8?
True
Is 7060 a multiple of 20?
True
Is 42 a factor of 3021?
False
Does 21 divide 2967?
False
Is 23 a factor of 7935?
True
Is 2261 a multiple of 2?
False
Does 30 divide 3240?
True
Is 16097 a multiple of 144?
False
Does 183 divide 17229?
False
Does 7 divide 1981?
True
Is 56 a factor of 224?
True
Is 9 a factor of 31401?
True
Is 66 a multiple of 33?
True
Does 8 divide 1168?
True
Is 114 a factor of 642?
False
Is 35 a factor of 840?
True
Is 258 a multiple of 6?
True
Is 7 a factor of 210?
True
Does 20 divide 180?
True
Is 17 a factor of 1120?
False
Is 34 a factor of 884?
True
Is 4 a factor of 10022?
False
Does 24 divide 44136?
True
Does 36 divide 2088?
True
Does 49 divide 1661?
False
Is 693 a multiple of 4?
False
Does 107 divide 321?
True
Is 34535 a multiple of 123?
False
Is 20 a factor of 360?
True
Does 47 divide 235?
True
Is 24 a factor of 8443?
False
Is 4121 a multiple of 76?
False
Does 44 divide 5438?
False
Is 25 a factor of 6225?
True
Is 5 a factor of 230?
True
Is 43911 a multiple of 119?
True
Does 14 divide 1936?
False
Is 1000 a multiple of 10?
True
Does 12 divide 876?
True
Is 36969 a multiple of 31?
False
Is 1645 a multiple of 35?
True
Is 21 a factor of 4431?
True
Is 2243 a multiple of 13?
False
Does 43 divide 860?
True
Does 225 divide 88875?
True
Does 6 divide 103?
False
Is 304 a multiple of 31?
False
Does 11 divide 8502?
False
Is 29400 a multiple of 70?
True
Is 12903 a multiple of 11?
True
Does 17 divide 2652?
True
Is 4817 a multiple of 30?
False
Is 33 a factor of 3975?
False
Does 104 divide 2603?
False
Is 27 a factor of 2889?
True
Does 14 divide 5510?
False
Is 6 a factor of 13086?
True
Is 2 a factor of 77?
False
Is 30 a factor of 660?
True
Does 2 divide 180?
True
Is 1078 a multiple of 14?
True
Is 22 a factor of 330?
True
Is 22 a factor of 264?
True
Is 13 a factor of 376?
False
Is 795 a multiple of 27?
False
Is 2533 a multiple of 60?
False
Is 48 a factor of 9776?
False
Does 23 divide 1564?
True
Is 66 a factor of 4088?
False
Is 10 a factor of 319?
False
Is 2220 a multiple of 30?
True
Does 21 divide 7518?
True
Is 543 a multiple of 25?
False
Is 38 a factor of 732?
False
Is 4472 a multiple of 52?
True
Does 16 divide 7424?
True
Does 18 divide 1332?
True
Is 480 a multiple of 10?
True
Is 959 a multiple of 42?
False
Is 16 a factor of 1601?
False
Is 33 a factor of 9809?
False
Is 24 a factor of 1571?
False
Does 91 divide 910?
True
Does 19 divide 209?
True
Is 332 a multiple of 4?
True
Is 66 a factor of 5346?
True
Is 8 a factor of 3241?
False
Does 70 divide 10050?
False
Does 8 divide 174?
False
Is 84 a factor of 2184?
True
Is 47 a factor of 256?
False
Does 245 divide 29400?
True
Is 9 a factor of 10080?
True
Is 17400 a multiple of 29?
True
Does 12 divide 13464?
True
Is 5 a factor of 480?
True
Does 100 divide 8800?
True
Is 380 a multiple of 15?
False
Is 15 a factor of 1050?
True
Is 112 a multiple of 16?
True
Is 23 a factor of 1196?
True
Is 2157 a multiple of 3?
True
Does 4 divide 10455?
False
Is 800 a multiple of 20?
True
Does 15 divide 2070?
True
Does 49 divide 334?
False
Is 2 a factor of 50?
True
Is 110 a factor of 6160?
True
Is 68418 a multiple of 181?
True
Is 45 a factor of 25020?
True
Is 310 a multiple of 10?
True
Does 4 divide 666?
False
Is 24 a factor of 7056?
True
Does 17 divide 4488?
True
Is 89 a factor of 9879?
True
Does 18 divide 2962?
False
Does 2 divide 141?
False
Is 434 a multiple of 14?
True
Is 390 a multiple of 10?
True
Is 288 a multiple of 12?
True
Does 39 divide 3276?
True
Is 52400 a multiple of 48?
False
Is 29 a factor of 468?
False
Is 3718 a multiple of 226?
False
Is 22152 a multiple of 78?
True
Is 5 a factor of 6780?
True
Is 40 a factor of 1600?
True
Is 43076 a multiple of 121?
True
Is 81 a factor of 4547?
False
Is 41 a factor of 2191?
False
Is 54538 a multiple of 74?
True
Is 10 a factor of 270?
True
Is 91 a factor of 50479?
False
Does 9 divide 43065?
True
Is 62 a factor of 9822?
False
Is 33 a factor of 264?
True
Does 29 divide 734?
False
Does 58 divide 5006?
False
Is 44 a factor of 1980?
True
Does 29 divide 75922?
True
Is 1373 a multiple of 13?
False
Does 11 divide 40900?
False
Is 1310 a multiple of 8?
False
Is 5319 a multiple of 53?
False
Is 5 a factor of 25?
True
Is 13 a factor of 1274?
True
Is 18575 a multiple of 9?
False
Is 102 a factor of 408?
True
Is 48 a factor of 11232?
True
Is 76 a factor of 768?
False
Does 151 divide 29445?
True
Is 437 a multiple of 19?
True
Does 20 divide 5210?
False
Is 9 a factor of 62502?
False
Is 14 a factor of 14858?
False
Does 28 divide 85901?
False
Does 23 divide 1633?
True
Is 13 a factor of 1339?
True
Is 936 a multiple of 26?
True
Is 62 a factor of 10044?
True
Is 969 a multiple of 19?
True
Is 30 a multiple of 15?
True
Is 8616 a multiple of 23?
False
Is 7 a factor of 497?
True
Is 4072 a multiple of 10?
False
Does 8 divide 82400?
True
Is 117 a factor of 30200?
False
Does 18 divide 287?
False
Is 3435 a multiple of 20?
False
Is 25 a factor of 1584?
False
Is 46 a factor of 123740?
True
Does 78 divide 110916?
True
Is 14 a factor of 75252?
False
Is 4464 a multiple of 16?
True
Is 2592 a multiple of 96?
True
Is 1846 a multiple of 28?
False
Does 13 divide 806?
True
Is 59 a factor of 21358?
True
Is 777 a multiple of 14?
False
Is 21315 a multiple of 105?
True
Is 264 a multiple of 22?
True
Does 11 divide 10181?
False
Does 7 divide 413?
True
Is 55 a factor of 1925?
True
Is 25 a factor of 1100?
True
Is 1480 a multiple of 74?
True
Is 14 a factor of 588?
True
Is 3047 a multiple of 11?
True
Does 65 divide 6090?
False
Is 39 a factor of 1376?
False
Is 47 a factor of 546?
False
Does 20 divide 6100?
True
Is 17 a factor of 33021?
False
Does 27 divide 1720?
False
Does 14 divide 95?
False
Does 18 divide 6984?
True
Is 369 a multiple of 41?
True
Is 2 a factor of 5218?
True
Does 56 divide 1701?
False
Is 123 a factor of 28986?
False
Is 4069 a multiple of 87?
False
Is 27 a factor of 675?
True
Is 26232 a multiple of 12?
True
Is 4365 a multiple of 138?
False
Is 368 a multiple of 13?
False
Is 32109 a multiple of 21?
True
Is 15785 a multiple of 24?
False
Does 184 divide 28503?
False
Does 2 divide 385?
False
Is 736 a multiple of 137?
False
Does 46 divide 33166?
True
Is 50 a factor of 333?
False
Does 143 divide 41725?
False
Does 50 divide 94600?
True
Is 23886 a multiple of 155?
False
Is 63 a factor of 16380?
True
Is 52 a multiple of 26?
True
Is 1907 a multiple of 46?
False
Is 1045 a multiple of 11?
True
Does 101 divide 36562?
True
Is 2515 a multiple of 4?
False
Is 896 a multiple of 4?
True
Does 79 divide 11771?
True
Does 3 divide 282?
True
Is 19311 a multiple of 52?
False
Is 84 a factor of 2268?
True
Is 614 a multiple of 56?
False
Is 6 a factor of 516?
True
Does 495 divide 35145?
True
Does 66 divide 4092?
True
Is 12106 a multiple of 8?
False
Does 8 divide 6674?
False
Is 30 a factor of 1369?
False
Is 8 a factor of 231?
False
Does 231 divide 19173?
True
Does 8 divide 4846?
False
Does 5 divide 3564?
False
Is 15 a factor of 585?
True
Is 11 a factor of 2475?
True
Does 20 divide 2840?
True
Is 2854 a multiple of 5?
False
Is 27 a factor of 78?
False
Is 12 a factor of 406?
False
Is 33 a factor of 2984?
False
Does 3 divide 576?
True
Does 60 divide 1584?
False
Does 34 divide 3082?
False
Is 15 a factor of 480?
True
Is 1885 a multiple of 19?
False
Is 19038 a multiple of 19?
True
Does 223 divide 43039?
True
Does 3 divide 276?
True
Is 420 a multiple of 28?
True
Does 10 divide 1010?
True
Is 4836 a multiple of 52?
True
Is 402 a multiple of 67?
True
Does 4 divide 124?
True
Does 18 divide 2214?
True
Is 4140 a multiple of 20?
True
Is 38488 a multiple of 34?
True
Is 1110 a multiple of 5?
True
Does 16 divide 22441?
False
Is 11 a factor of 913?
True
Is 112 a factor of 4571?
False
Does 77 divide 6930?
True
Is 1206 a multiple